3?
110021002
What is 28274 (base 12) in base 3?
2211100221
What is -65c7 (base 16) in base 3?
-1022202000
Convert -13351 (base 8) to base 10.
-5865
-136104 (base 8) to base 6
-1011044
What is -88b (base 16) in base 12?
-1323
Convert 5168 (base 9) to base 4.
323030
What is -1ab4 (base 16) in base 11?
-5155
-108088 (base 9) to base 16
-fdc1
What is -15807 (base 10) in base 15?
-4a3c
What is 120011 (base 3) in base 6?
1521
What is -2231003 (base 4) in base 7?
-44201
What is 781 (base 14) in base 15?
690
Convert -11520 (base 6) to base 5.
-23304
What is -52a (base 15) in base 2?
-10010001101
-25401 (base 11) to base 6
-440342
7a5 (base 15) to base 8
3302
Convert -20d3 (base 15) to base 7.
-26154
Convert 6265 (base 7) to base 14.
b35
-231 (base 10) to base 13
-14a
4012 (base 11) to base 7
21363
Convert 636 (base 7) to base 9.
386
What is -3430 (base 14) in base 6?
-105534
-497 (base 10) to base 11
-412
127406 (base 8) to base 14
12486
What is 36 (base 14) in base 12?
40
What is 12002 (base 6) in base 11?
1333
What is 32 (base 11) in base 4?
203
-4856 (base 10) to base 5
-123411
-5354 (base 6) to base 5
-14342
What is 40623 (base 7) in base 13?
4689
93 (base 14) to base 4
2001
What is 8e0d (base 16) in base 3?
1211212212
Convert 19c1c (base 13) to base 2.
1100010011010011
What is -863 (base 13) in base 12?
-9b5
Convert 1345 (base 11) to base 3.
2101120
2222010 (base 3) to base 13
ca5
What is -2571 (base 8) in base 5?
-21101
Convert -630 (base 13) to base 3.
-1110000
What is -2260 (base 15) in base 4?
-1301322
What is 254 (base 10) in base 8?
376
Convert 11001001001011 (base 2) to base 14.
4999
What is 110211022 (base 3) in base 4?
2102012
What is 41131 (base 5) in base 2?
101001101010
What is -1001110111100010 (base 2) in base 9?
-61388
-10111001020 (base 3) to base 9
-114036
-1a6 (base 11) to base 6
-1033
What is -6623 (base 8) in base 4?
-312103
-1001122011 (base 3) to base 4
-11012023
What is -10111000000000 (base 2) in base 9?
-17134
1230 (base 8) to base 14
356
-7027 (base 13) to base 3
-210010211
-2343021 (base 5) to base 2
-1010100111110111
-458 (base 11) to base 15
-267
What is 1050 (base 6) in base 7?
501
What is -42 (base 15) in base 14?
-46
What is -303023 (base 4) in base 5?
-101100
What is 735 (base 11) in base 12?
619
Convert -8550 (base 9) to base 12.
-3776
-500 (base 11) to base 2
-1001011101
Convert 18e (base 16) to base 11.
332
What is -9a0 (base 14) in base 10?
-1904
-2202100210 (base 3) to base 8
-151702
Convert 31444 (base 6) to base 5.
114101
What is 2262 (base 14) in base 13?
293c
What is -1422 (base 7) in base 13?
-339
-1120000 (base 3) to base 2
-10001101110
-10212102 (base 3) to base 5
-42234
Convert 5a4 (base 12) to base 7.
2314
20302 (base 5) to base 8
2457
142 (base 11) to base 6
435
41432 (base 5) to base 6
20410
What is 1441 (base 7) in base 3?
210001
-4205 (base 7) to base 10
-1475
Convert -971 (base 11) to base 12.
-813
-427 (base 15) to base 11
-782
What is -19a16 (base 11) in base 4?
-12303013
Convert a648 (base 14) to base 5.
1404210
What is 1881 (base 10) in base 3?
2120200
-1 (base 2) to base 15
-1
What is 6 (base 14) in base 13?
6
Convert -aa13 (base 11) to base 4.
-3203012
Convert 222123 (base 5) to base 16.
1e6c
What is 7631 (base 14) in base 9?
31016
Convert 658 (base 15) to base 8.
2631
Convert -bc98 (base 13) to base 14.
-9840
Convert -15203 (base 7) to base 5.
-113332
Convert 11100010101111 (base 2) to base 8.
34257
What is 2b3 (base 13) in base 7?
1261
9484 (base 13) to base 14
76c5
2122120 (base 3) to base 9
2576
What is 442 (base 10) in base 9?
541
Convert 13441 (base 10) to base 11.
a10a
42c8 (base 16) to base 13
7a21
Convert -3532 (base 13) to base 4.
-1310311
What is -640 (base 7) in base 4?
-11002
Convert -1d07 (base 14) to base 2.
-1010010110011
-17337 (base 14) to base 7
-331600
Convert -524 (base 13) to base 11.
-726
What is 2a1a1 (base 11) in base 2?
1010011101001000
What is 211416 (base 7) in base 14?
d47d
7295 (base 12) to base 11
9431
What is -102388 (base 9) in base 3?
-10002102222
What is -3442 (base 5) in base 4?
-13301
Convert -250 (base 6) to base 11.
-93
What is -4a2b (base 13) in base 5?
-314030
What is 1303 (base 7) in base 12?
351
85b0 (base 15) to base 16
6e82
-1516 (base 7) to base 16
-259
23a5 (base 12) to base 7
14462
3ec9 (base 15) to base 8
32230
What is -15420 (base 7) in base 5?
-114301
868 (base 10) to base 7
2350
Convert 812 (base 9) to base 4.
22103
What is -ce2 (base 16) in base 10?
-3298
What is -163661 (base 7) in base 13?
-11aa1
-2334 (base 10) to base 4
-210132
What is 101312 (base 4) in base 16?
476
What is 82 (base 11) in base 6?
230
What is 2233 (base 9) in base 16?
672
What is -17b5 (base 12) in base 5?
-42443
Convert -1bd (base 15) to base 6.
-1511
What is -4301 (base 7) in base 2?
-10111110000
780 (base 10) to base 14
3da
Convert 297 (base 14) to base 15.
250
Convert 2130223 (base 4) to base 12.
5977
Convert 52362 (base 8) to base 9.
32742
Convert 13005 (base 12) to base 16.
6545
What is -6921 (base 13) in base 3?
-202012120
Convert 8346 (base 13) to base 4.
10123131
What is -359 (base 12) in base 16?
-1f5
Convert -2110202 (base 3) to base 13.
-a88
140 (base 13) to base 10
221
1bf (base 16) to base 15
1ec
-183 (base 12) to base 13
-159
What is 49e (base 16) in base 14?
606
Convert 2120020 (base 3) to base 12.
10b9
5e (base 16) to base 11
86
104334 (base 5) to base 16
e87
What is -1049 (base 14) in base 4?
-223321
What is -17cd (base 16) in base 14?
-2313
What is -2301330 (base 4) in base 11?
-8613
Convert 530 (base 10) to base 2.
1000010010
-2111 (base 6) to base 5
-3400
12111001 (base 3) to base 7
14440
What is 128b5 (base 13) in base 15?
a320
Convert 3753 (base 14) to base 3.
111021102
What is 483 (base 11) in base 7?
1451
121110 (base 4) to base 8
3124
What is -aaa9 (base 14) in base 11?
-20223
Convert 470 (base 15) to base 8.
1755
-6a64 (base 14) to base 4
-10201100
-2222102 (base 3) to base 7
-6221
What is 11a1 (base 13) in base 16?
9c1
-502a (base 11) to base 12
-3a53
-327 (base 9) to base 6
-1124
What is 36121 (base 9) in base 10?
24157
Convert -1dc (base 14) to base 4.
-12012
-40123 (base 8) to base 12
-9643
60a1 (base 14) to base 16
40dd
What is -53d (base 16) in base 15?
-5e6
Convert -10010110 (base 2) to base 8.
-226
969 (base 15) to base 8
4114
What is 230121 (base 4) in base 5?
42331
What is 1ec (base 16) in base 14?
272
What is 3104002 (base 5) in base 16?
c546
What is 9fb (base 16) in base 5?
40210
7306 (base 11) to base 3
111021202
What is 430146 (base 7) in base 4?
102030102
What is -105424 (base 7) in base 14?
-6b84
Convert -116 (base 10) to base 4.
-1310
-7dc (base 14) to base 4
-120132
-3e41 (base 15) to base 3
-200021221
111111100 (base 2) to base 12
364
7761 (base 12) to base 6
141001
What is 196 (base 10) in base 3?
21021
What is -2311012 (base 5) in base 2?
-1010000110100110
10234 (base 5) to base 9
851
What is 22420 (base 8) in base 16?
2510
What is -3ba (base 13) in base 5?
-10120
What is -1e3 (base 16) in base 6?
-2123
What is -39a (base 13) in base 4?
-21322
What is -1103413 (base 5) in base 3?
-222101100
Convert -10a (base 12) to base 11.
-130
Convert 765 (base 15) to base 2.
11010000110
585 (base 10) to base 15
290
What is -66 (base 13) in base 8?
-124
-5204 (base 6) to base 9
-1524
-51 (base 15) to base 4
-1030
393 (base 13) to base 3
212020
-699 (base 13) to base 3
-1120020
Convert 155 (base 13) to base 6.
1035
Convert -3803 (base 11) to base 3.
-20210212
What is -8316 (base 13) in base 7?
-103530
What is 45 (base 7) in base 6?
53
1150 (base 9) to base 8
1527
-245 (base 8) to base 16
-a5
-505 (base 6) to base 10
-185
What is 1c747 (base 13) in base 16?
db67
43281 (base 9) to base 10
28666
Convert -4c (base 14) to base 10.
-68
1110111110010 (base 2) to base 12
452a
-886 (base 12) to base 7
-3441
Convert 12100 (base 3) to base 4.
2100
What is -2110 (base 4) in base 8?
-224
-2614 (base 10) to base 8
-5066
What is -584d (base 16) in base 3?
-1011000020
Convert -1010122 (base 3) to base 10.
-827
Convert 96 (base 12) to base 10.
114
Convert 13233 (base 5) to base 2.
10000101100
Convert -102113 (base 4) to base 7.
-3266
What is -5035 (base 10) in base 16?
-13ab
What is -32101 (base 5) in base 11?
-1686
3126 (base 9) to base 7
6453
